the tens digit of (-260)/(-3) + (40/(-12))/i?
8
Let c be -12*2/3*(-3)/6. Suppose 0 = c*j - 2*l - 988, 5*l + 478 = 2*j - 0*l. What is the units digit of j?
9
Let a(o) = -2*o**3 + 12*o**2 - 8*o - 13. Let l be a(5). Let n be 4*514/8 + l. Suppose 2*q = -0*q - 4*f + 492, -q = -2*f - n. What is the hundreds digit of q?
2
Let r = 30 + -30. Let h be 0/(-2) + r/(-15 + 7). Suppose 0 = t - 2*t - 4, -2*l - 5*t + 288 = h. What is the units digit of l?
4
Let a(b) = -20*b + 5 - 12 - 3 - 47 + 3*b**2. What is the units digit of a(-14)?
1
Let s(u) = -u**3 - 5*u**2 - 6*u - 3. Let v be s(-2). Let t be (5/(-15))/(v/(-63)*-1). Suppose -8*k + t*k = -3. What is the units digit of k?
3
Suppose 0 = 4*a + 2*g - 56, 0 = 4*a - a - 5*g - 68. Suppose 0 = -a*c + 3016 + 648. What is the tens digit of c?
2
Let p = -70 + 71. Let h be 1 + p + -197 + 0/(-6). What is the units digit of h/(2 - -1)*-1?
5
What is the tens digit of 6545 + 5/(-10)*-26?
5
Suppose 5*u = -10, 2*m - 4*u = 30 - 180. Let c = m + 94. Suppose 3*j = -2*j - c, -2*j - 208 = -y. What is the tens digit of y?
0
Let p(t) = 29*t - 2. Let n be p(1). What is the units digit of (-78)/(6/4*(-36)/n)?
9
Suppose u + 11*u = 24. Let l be u/(-5) + 2 + (-856)/10. Let d = l + 255. What is the units digit of d?
1
Let g(c) = -2*c**2 - 2*c**2 - 27*c + 2*c**2 + 13 + c**2. Let a be g(-19). Suppose 5*m - 417 = -y, -2*m + y - a = -4*m. What is the units digit of m?
4
Suppose 5*d - 4*z = -5*z + 13565, 0 = 2*d + 4*z - 5426. What is the units digit of d?
3
Let m(z) = 3*z - 16. Let u be m(5). Let v be -2 + u - (-2 - (-3 + 4)). What is the hundreds digit of v - -2 - -120 - 5?
1
Let n(b) = 2*b + 6. Let v be n(-1). Suppose -v*p + 5*z = -23 - 3, 0 = p - z - 6. Suppose l = 4*s + 172, 3*s = p*l + 5*s - 598. What is the hundreds digit of l?
1
What is the thousands digit of (-25 - -11)*4329/(-3)?
0
Let b be 2/4 - 139161/66. Let p = 3660 + b. What is the units digit of p?
2
Let v = -12985 + 40555. What is the tens digit of v?
7
Suppose -11*r + 0*r + 780252 = 0. What is the tens digit of r/115*(-15)/(-9)?
2
Let b(l) = 12*l + 208. Let j be b(-19). What is the tens digit of (336/j)/(((-12)/205)/6)?
2
Suppose 2*o = -2*p + 4484, -3*p = -2*p - 2*o - 2254. Suppose 0 = -3*y - 2*y - 10, 3*i = -5*y + p. What is the tens digit of i?
5
Let u be (-3 + 2)*-3 - 1. Suppose 4*c = -5*x + 5, -x - 1 = -5*c - u*x. Suppose 2*n - 49 = b, -2*n - 4*b + b + 53 = c. What is the units digit of n?
5
Let g(m) = 108*m**2 + 3*m + 25. What is the hundreds digit of g(9)?
8
Let q be (-20)/(-6) - ((-224)/(-42))/16. What is the tens digit of 532 + (-2 - -9 - q)?
3
Let z = 60 - 72. Let f(s) = s**2 + 12*s + 2. Let r be f(z). Suppose 5*k = q - r*q + 41, -q = -1. What is the units digit of k?
8
Let k(m) = 3*m**3 + 2*m**2 - 7*m**2 + 9*m + 20 + 2*m**2 - 19. What is the tens digit of k(3)?
8
Let r(n) = 213*n - 559 - 44*n + 548. What is the hundreds digit of r(2)?
3
Let w = 8987 + -5426. What is the thousands digit of w?
3
Suppose 0 = -2*p - 2*p + 5*p. Suppose -3*o = i, 4*o = -p*i + 2*i - 10. What is the units digit of 3 - ((-280)/i + (-2)/(-6))?
6
Suppose 5*j = -3*y + 46901, j - y = 4625 + 4760. What is the tens digit of j?
8
Let m be -322 - (-1 + 4/2). Let n = 558 + m. What is the units digit of n?
5
Let y = 253 + -211. What is the tens digit of (-18 - -20)*(y/(-3))/(-1)?
2
Suppose -d - 4366 = -4*s, d + 6 = 8. Suppose -s = 17*r - 20*r - 2*i, -i - 1083 = -3*r. What is the hundreds digit of r?
3
Let l(p) = 502*p + 704. What is the tens digit of l(-1)?
0
Suppose 5*c - 32*r - 1040 = -27*r, -c - 2*r = -214. What is the tens digit of c?
1
Suppose 61489 = -4278*c + 4295*c. What is the units digit of c?
7
Let n = 233 - 230. Suppose -5*y + 144 = -2*f - 353, 0 = -2*y - n*f + 195. What is the units digit of y?
9
Let q = -14731 - -29410. What is the thousands digit of q?
4
Let q = -8982 + 40338. What is the hundreds digit of q?
3
Let u be 4/18 - (3 - 872/(-36)). Let a = 29 + u. Suppose -446 = -4*f - 2*m, 0*m - 119 = -f - a*m. What is the units digit of f?
9
Let c = 144547 - 100287. What is the tens digit of c?
6
Suppose 228*v = 219*v + 450. What is the tens digit of v?
5
Suppose -m + 5*x - 19709 = -3*m, -2*m = -5*x - 19659. What is the thousands digit of m?
9
Let h = 20084 - 14301. What is the units digit of h?
3
Suppose -2*w - 4*y - 8 = 4, 5*w = 4*y + 12. Suppose 3*x - 2*x - 29 = w. What is the tens digit of x?
2
Let b = -39672 - -62205. What is the thousands digit of b?
2
Let l(r) = -r. Let g(v) = 6*v + 7. Let t(y) = -g(y) - 2*l(y). What is the units digit of t(-4)?
9
Suppose 4*j = -5*j - 0*j. Suppose j = -3*y - 2*h + 1633, -6*h + 4*h = -3*y + 1613. What is the units digit of y?
1
Suppose -780*s + 801*s = 58527. What is the tens digit of s?
8
Let u(f) = 12*f**2 - 3*f - 9. Let g = -8 + 8. Suppose g = r + a + 3, -r + 2*a + 3*a - 3 = 0. What is the tens digit of u(r)?
0
Suppose 0 = -7*s + 4*k + 121027, -18*s + 2*k + 34580 = -16*s. What is the hundreds digit of s?
2
Suppose -295*b + 171*b + 4717828 = 0. What is the ten thousands digit of b?
3
Suppose 33 = 5*u + n - 22, 3*u - 33 = -5*n. Suppose u*v = v + 1210. What is the tens digit of v?
2
Let v(r) = -r**3 + 3*r**2 - 4*r - 1. Let j be v(-2). What is the units digit of j/(-12)*1648/(-12)?
9
Let o = -12 - -83. Suppose 25 - o = -n. What is the tens digit of n?
4
Let v = -496 - -1803. Let h = 2435 - v. Suppose -48*j - h = -54*j. What is the hundreds digit of j?
1
Let d(k) = -56*k**3 + 2*k**2 + 6*k + 8. Let z be d(-2). Suppose z = -7*a - 122. Let v = -22 - a. What is the units digit of v?
0
Let i = -3931 - -11985. What is the hundreds digit of i?
0
Let j(h) = -51*h + 256. Let t be j(-39). Suppose 0 = 6*o - 1487 - t. What is the hundreds digit of o?
6
Suppose -10*z = -4*y - 8*z - 8, 16 = 4*y + 4*z. Suppose -24*b + 6442 + 6278 = y. What is the units digit of b?
0
Let g(h) = -6*h**3 - 2*h**2 - 5*h + 6. Let n be g(1). Let r(s) = 3*s**2 + 2*s - 5 + 2 + 3*s. What is the hundreds digit of r(n)?
1
Let q be (-2 - -6) + -8 + 4. Let l(y) = 9*y + 11. What is the units digit of l(q)?
1
Suppose -385254 = -691*j + 674*j. What is the thousands digit of j?
2
Let o(k) = 13*k + 196. Let m be o(-15). What is the tens digit of ((-2)/4)/((10/m)/(-5540))?
7
Let s = -414 + 795. Suppose s = 5*d - 4*x, 7*x + 16 = 3*x. What is the tens digit of d?
7
Let t(i) = 22*i**2 - 10*i + 18. Let k(j) = j**3 - 8*j**2 - 12*j + 30. Let s be k(9). What is the units digit of t(s)?
6
Suppose 0*l - 21 = -2*l + 5*x, 0 = 4*x + 4. Let t(j) = j + 17. Let c be t(l). Let p = c + 122. What is the units digit of p?
7
Let n be (-1095)/45*2*42/(-4). Let l = -306 + n. Suppose -4*o + 5*p = -272, 0*o + 4*p + l = 3*o. What is the tens digit of o?
6
Let b be (-30)/(42/(-7) + 8). What is the hundreds digit of 1502 - b*9/27?
5
Suppose 4*l - 25 = 3*t, -4*t + 8 = -12. Let z be (1 + -2 - -15)/(2/l). Suppose 16*y - 15*y - z = 0. What is the tens digit of y?
7
Let x = -13765 + 78698. What is the ten thousands digit of x?
6
Let r be (-546)/(-52)*44/(-3). Let m = 501 + r. What is the hundreds digit of m?
3
Suppose 2 = -p + 1, 5*a + 5*p = -210. Let d(b) = b**2 + 18*b - 109. What is the hundreds digit of d(a)?
8
Let o(q) = q**3 - 2*q**2 + 3*q + 6. Let c(t) = -6 - 1937*t - 4 + 1934*t. Let w be c(-5). What is the tens digit of o(w)?
9
Let l = 153 + -149. Suppose 0*i + l*k - 420 = -2*i, i - 210 = 2*k. What is the units digit of i?
0
Let w be 1402/((-1 - -4) + (-92)/28). Let n be w/21 - 1/3. What is the units digit of n/15*(-8 + 3)?
8
Suppose -23 = -12*i + 10*i + 5*w, -i = 4*w + 8. Suppose -5*z = -2*l - 57 + 890, 1711 = i*l + 5*z. What is the units digit of l?
4
What is the hundreds digit of ((-12)/4 - 1) + (0 - -2334)?
3
Let u be 5 - (-12)/(-3 + 0). What is the tens digit of u/(7/3038) + 6/2?
3
Let f(q) = 667*q - 836. What is the tens digit of f(14)?
0
Suppose 0*v + 2*v - 303530 = -3*v. What is the hundreds digit of v?
7
Let g = 70 + -74. Let k be (-50)/(-1 + -4) + g. Suppose 0 = -k*z + z + 810. What is the tens digit of z?
6
Let z = -120 + 217. Let y = z + -87. Suppose 0 = -5*k - y, -4*q - 8 = -3*k - 242. What is the units digit of q?
7
Let l be (-440)/25 - (-2)/(-5). Let w be (-5)/(-30) + 2865/l. What is the units digit of ((-5)/((-20)/w))/((-3)/8)?
6
What is the hundreds digit of (-3142330)/(-94) - (-110)/(-2585)?
4
Let j(g)